{"id":53,"date":"2026-04-29T17:51:31","date_gmt":"2026-04-29T17:51:31","guid":{"rendered":"https:\/\/ainolakustavi.fi\/?page_id=53"},"modified":"2026-05-05T04:11:05","modified_gmt":"2026-05-05T04:11:05","slug":"menu","status":"publish","type":"page","link":"https:\/\/ainolakustavi.fi\/?page_id=53","title":{"rendered":"Menu"},"content":{"rendered":"\n<figure class=\"wp-block-image size-full is-resized\"><img loading=\"lazy\" decoding=\"async\" width=\"512\" height=\"512\" src=\"https:\/\/ainolakustavi.fi\/wp-content\/uploads\/2025\/12\/cropped-2516b7f6-4755-4a2b-bffd-d5ddf574d83f.jpeg\" alt=\"\" class=\"wp-image-89\" style=\"width:230px;height:auto\" srcset=\"https:\/\/ainolakustavi.fi\/wp-content\/uploads\/2025\/12\/cropped-2516b7f6-4755-4a2b-bffd-d5ddf574d83f.jpeg 512w, https:\/\/ainolakustavi.fi\/wp-content\/uploads\/2025\/12\/cropped-2516b7f6-4755-4a2b-bffd-d5ddf574d83f-300x300.jpeg 300w, https:\/\/ainolakustavi.fi\/wp-content\/uploads\/2025\/12\/cropped-2516b7f6-4755-4a2b-bffd-d5ddf574d83f-150x150.jpeg 150w, https:\/\/ainolakustavi.fi\/wp-content\/uploads\/2025\/12\/cropped-2516b7f6-4755-4a2b-bffd-d5ddf574d83f-270x270.jpeg 270w, https:\/\/ainolakustavi.fi\/wp-content\/uploads\/2025\/12\/cropped-2516b7f6-4755-4a2b-bffd-d5ddf574d83f-192x192.jpeg 192w, https:\/\/ainolakustavi.fi\/wp-content\/uploads\/2025\/12\/cropped-2516b7f6-4755-4a2b-bffd-d5ddf574d83f-180x180.jpeg 180w, https:\/\/ainolakustavi.fi\/wp-content\/uploads\/2025\/12\/cropped-2516b7f6-4755-4a2b-bffd-d5ddf574d83f-32x32.jpeg 32w\" sizes=\"auto, (max-width: 512px) 100vw, 512px\" \/><\/figure>\n\n\n\n<div data-wp-context=\"{ &quot;autoclose&quot;: false, &quot;accordionItems&quot;: [] }\" data-wp-interactive=\"core\/accordion\" role=\"group\" class=\"wp-block-accordion is-layout-flow wp-block-accordion-is-layout-flow\">\n<div data-wp-class--is-open=\"state.isOpen\" data-wp-context=\"{ &quot;id&quot;: &quot;accordion-item-1&quot;, &quot;openByDefault&quot;: false }\" data-wp-init=\"callbacks.initAccordionItems\" data-wp-on-window--hashchange=\"callbacks.hashChange\" class=\"wp-block-accordion-item is-layout-flow wp-block-accordion-item-is-layout-flow\">\n<h3 class=\"wp-block-accordion-heading\"><button aria-expanded=\"false\" aria-controls=\"accordion-item-1-panel\" data-wp-bind--aria-expanded=\"state.isOpen\" data-wp-on--click=\"actions.toggle\" data-wp-on--keydown=\"actions.handleKeyDown\" id=\"accordion-item-1\" type=\"button\" class=\"wp-block-accordion-heading__toggle\"><span class=\"wp-block-accordion-heading__toggle-title\">Alkuun ja pienet<\/span><span class=\"wp-block-accordion-heading__toggle-icon\" aria-hidden=\"true\">+<\/span><\/button><\/h3>\n\n\n\n<div inert aria-labelledby=\"accordion-item-1\" data-wp-bind--inert=\"!state.isOpen\" id=\"accordion-item-1-panel\" role=\"region\" class=\"wp-block-accordion-panel is-layout-flow wp-block-accordion-panel-is-layout-flow\">\n<p><br><br><strong>Combo<\/strong><br>Parmesaaniranskalaiset, mini halloumsalaatti, sipulirenkaita &amp; talon majoneesia<br>12 \u20ac<\/p>\n\n\n\n<p><strong>Ranut<\/strong><br>Rapeita ranskalaisia &amp; majoneesia <br>6,50 \u20ac<\/p>\n\n\n\n<p><strong>Parme<\/strong><br>Rapeita ranskalaisia ja parmesaaniraastetta &amp; majoneesi&nbsp;<br>7 \u20ac<\/p>\n\n\n\n<p><strong>Bruschetta<\/strong><br>Kylm\u00e4savulohta Taivassalosta, sitruunaricottaa ja rucolaa paahdetulla talon leiv\u00e4ll\u00e4 <br>10,50 \u20ac<\/p>\n\n\n\n<p><strong>Wingsit 10 kpl<br><\/strong>Kanansiivet tarjoillaan Texas Pete kastikkeella porkkanan, kurkun ja<br>valitsemasi dipin kanssa.<br>12 \u20ac<br><br>Dipit: Kurkku, chili, valkosipuli<\/p>\n<\/div>\n<\/div>\n<\/div>\n\n\n\n<div data-wp-context=\"{ &quot;autoclose&quot;: false, &quot;accordionItems&quot;: [] }\" data-wp-interactive=\"core\/accordion\" role=\"group\" class=\"wp-block-accordion is-layout-flow wp-block-accordion-is-layout-flow\">\n<div data-wp-class--is-open=\"state.isOpen\" data-wp-context=\"{ &quot;id&quot;: &quot;accordion-item-2&quot;, &quot;openByDefault&quot;: false }\" data-wp-init=\"callbacks.initAccordionItems\" data-wp-on-window--hashchange=\"callbacks.hashChange\" class=\"wp-block-accordion-item is-layout-flow wp-block-accordion-item-is-layout-flow\">\n<h3 class=\"wp-block-accordion-heading\"><button aria-expanded=\"false\" aria-controls=\"accordion-item-2-panel\" data-wp-bind--aria-expanded=\"state.isOpen\" data-wp-on--click=\"actions.toggle\" data-wp-on--keydown=\"actions.handleKeyDown\" id=\"accordion-item-2\" type=\"button\" class=\"wp-block-accordion-heading__toggle\"><span class=\"wp-block-accordion-heading__toggle-title\">Salaatit<\/span><span class=\"wp-block-accordion-heading__toggle-icon\" aria-hidden=\"true\">+<\/span><\/button><\/h3>\n\n\n\n<div inert aria-labelledby=\"accordion-item-2\" data-wp-bind--inert=\"!state.isOpen\" id=\"accordion-item-2-panel\" role=\"region\" class=\"wp-block-accordion-panel is-layout-flow wp-block-accordion-panel-is-layout-flow\">\n<p>Halloumi 19,50\u20ac<\/p>\n\n\n\n<p>Katkarapu 19,50\u20ac<\/p>\n\n\n\n<p>Kana 19,50\u20ac<\/p>\n<\/div>\n<\/div>\n<\/div>\n\n\n\n<div data-wp-context=\"{ &quot;autoclose&quot;: false, &quot;accordionItems&quot;: [] }\" data-wp-interactive=\"core\/accordion\" role=\"group\" class=\"wp-block-accordion is-layout-flow wp-block-accordion-is-layout-flow\">\n<div data-wp-class--is-open=\"state.isOpen\" data-wp-context=\"{ &quot;id&quot;: &quot;accordion-item-3&quot;, &quot;openByDefault&quot;: false }\" data-wp-init=\"callbacks.initAccordionItems\" data-wp-on-window--hashchange=\"callbacks.hashChange\" class=\"wp-block-accordion-item is-layout-flow wp-block-accordion-item-is-layout-flow\">\n<h3 class=\"wp-block-accordion-heading\"><button aria-expanded=\"false\" aria-controls=\"accordion-item-3-panel\" data-wp-bind--aria-expanded=\"state.isOpen\" data-wp-on--click=\"actions.toggle\" data-wp-on--keydown=\"actions.handleKeyDown\" id=\"accordion-item-3\" type=\"button\" class=\"wp-block-accordion-heading__toggle\"><span class=\"wp-block-accordion-heading__toggle-title\">P\u00e4\u00e4ruoat<\/span><span class=\"wp-block-accordion-heading__toggle-icon\" aria-hidden=\"true\">+<\/span><\/button><\/h3>\n\n\n\n<div inert aria-labelledby=\"accordion-item-3\" data-wp-bind--inert=\"!state.isOpen\" id=\"accordion-item-3-panel\" role=\"region\" class=\"wp-block-accordion-panel is-layout-flow wp-block-accordion-panel-is-layout-flow\">\n<p><strong>Ainolan ihanat ahvenet<\/strong><br>Kirkastetussa voissa paistetut paikalliset ahvenfileet, raikas kermaviilikastike, bimi\u00e4 ja uutta perunaa saatavuuden mukaan tai keitinperunaa<br><em>(L, pyydett\u00e4ess\u00e4 G)<\/em><br>25,60 \u20ac<\/p>\n\n\n\n<p><strong>Talon Lihapullat &amp; muusi <br><\/strong>Pippurikermakastiketta, maustekurkkua ja puolukkahilloa.<br><em>(L)<\/em><br>19,40 \u20ac<\/p>\n\n\n\n<p><strong>Naudan lehtipihvi<br><\/strong>Ohueksi nuijittu naudan ulkofileepihvi, maustevoita, rapeat ranskalaiset ja tuoreeltaan paistettuja kasviksia.<br><em>(L, pyydett\u00e4ess\u00e4 G)<\/em><br>26,50 \u20ac<\/p>\n\n\n\n\n\n<p><strong>Ainolan broileria<br><\/strong>Broilerin filett\u00e4 &amp; rapeaa pekonia, Ainolan lempe\u00e4\u00e4 kastiketta, kevyesti friteerattua, rapeaa lastun muotoon leikattua perunaa ja tuoreeltaan paistettuja kasviksia<br><em>(L, pyydett\u00e4ess\u00e4 G)<\/em><br>24,80 \u20ac<\/p>\n<\/div>\n<\/div>\n<\/div>\n\n\n\n<div data-wp-context=\"{ &quot;autoclose&quot;: false, &quot;accordionItems&quot;: [] }\" data-wp-interactive=\"core\/accordion\" role=\"group\" class=\"wp-block-accordion is-layout-flow wp-block-accordion-is-layout-flow\">\n<div data-wp-class--is-open=\"state.isOpen\" data-wp-context=\"{ &quot;id&quot;: &quot;accordion-item-4&quot;, &quot;openByDefault&quot;: false }\" data-wp-init=\"callbacks.initAccordionItems\" data-wp-on-window--hashchange=\"callbacks.hashChange\" class=\"wp-block-accordion-item is-layout-flow wp-block-accordion-item-is-layout-flow\">\n<h3 class=\"wp-block-accordion-heading\"><button aria-expanded=\"false\" aria-controls=\"accordion-item-4-panel\" data-wp-bind--aria-expanded=\"state.isOpen\" data-wp-on--click=\"actions.toggle\" data-wp-on--keydown=\"actions.handleKeyDown\" id=\"accordion-item-4\" type=\"button\" class=\"wp-block-accordion-heading__toggle\"><span class=\"wp-block-accordion-heading__toggle-title\">Burgerit &amp; Grill<\/span><span class=\"wp-block-accordion-heading__toggle-icon\" aria-hidden=\"true\">+<\/span><\/button><\/h3>\n\n\n\n<div inert aria-labelledby=\"accordion-item-4\" data-wp-bind--inert=\"!state.isOpen\" id=\"accordion-item-4-panel\" role=\"region\" class=\"wp-block-accordion-panel is-layout-flow wp-block-accordion-panel-is-layout-flow\">\n<p><strong>Bos Taurus<\/strong><br>Yl\u00e4maankarjan jauhelihapihvi 160 g, mehev\u00e4 briossis\u00e4mpyl\u00e4, j\u00e4\u00e4salaattia, talon majoneesia, tomaattia, punasipulihilloketta ja rucolaa, ranut &amp; dippi.<br><em>(L, pyydett\u00e4ess\u00e4 G)<\/em><br>24,80 \u20ac<\/p>\n\n\n\n<p><strong>Ainola burger<\/strong><br>2x 75 g naudan pihvi, mehev\u00e4 briossis\u00e4mpyl\u00e4 cheddaria, pepperonia, sipulirenkaita, maustekurkkua, ketsuppia, sipulirouhetta, j\u00e4\u00e4salaattia, talon majoneesia, ranut &amp; dippi.<br><em>(L, pyydett\u00e4ess\u00e4 G)<\/em><br>19,90 \u20ac<\/p>\n\n\n\n<p><strong>Makkaraperunat<\/strong><br>Suomi-klassikko, jossa kunnon lenkki\u00e4 ja rapeita ranuja ketsupilla, sinapilla, kurkkusalaatilla, paahdetulla sipulilla ja talon majoneesilla. Koristeena ripaus punasipulia. Siin\u00e4 se.<br><em>(L, pyydett\u00e4ess\u00e4 G)<\/em><br>14,50 \u20ac<\/p>\n\n\n\n<p><strong>Juustoburger<br><\/strong>Naudan burgerpihvi, cheddarjuustoa, tomaattiketsuppia, maustekurkkua, paahdettua sipulia, j\u00e4\u00e4salaattia ja talon majoneesia. Tarjoillaan Briossis\u00e4mpyl\u00e4ss\u00e4 ja ranskalaisten kera<br><em>(L, pyydett\u00e4ess\u00e4 G)<\/em> <br>16,00 \u20ac<\/p>\n<\/div>\n<\/div>\n<\/div>\n\n\n\n<div data-wp-context=\"{ &quot;autoclose&quot;: false, &quot;accordionItems&quot;: [] }\" data-wp-interactive=\"core\/accordion\" role=\"group\" class=\"wp-block-accordion is-layout-flow wp-block-accordion-is-layout-flow\">\n<div data-wp-class--is-open=\"state.isOpen\" data-wp-context=\"{ &quot;id&quot;: &quot;accordion-item-5&quot;, &quot;openByDefault&quot;: false }\" data-wp-init=\"callbacks.initAccordionItems\" data-wp-on-window--hashchange=\"callbacks.hashChange\" class=\"wp-block-accordion-item is-layout-flow wp-block-accordion-item-is-layout-flow\">\n<h3 class=\"wp-block-accordion-heading\"><button aria-expanded=\"false\" aria-controls=\"accordion-item-5-panel\" data-wp-bind--aria-expanded=\"state.isOpen\" data-wp-on--click=\"actions.toggle\" data-wp-on--keydown=\"actions.handleKeyDown\" id=\"accordion-item-5\" type=\"button\" class=\"wp-block-accordion-heading__toggle\"><span class=\"wp-block-accordion-heading__toggle-title\">Pizzat<\/span><span class=\"wp-block-accordion-heading__toggle-icon\" aria-hidden=\"true\">+<\/span><\/button><\/h3>\n\n\n\n<div inert aria-labelledby=\"accordion-item-5\" data-wp-bind--inert=\"!state.isOpen\" id=\"accordion-item-5-panel\" role=\"region\" class=\"wp-block-accordion-panel is-layout-flow wp-block-accordion-panel-is-layout-flow\">\n<p><strong>Rahi<\/strong><br>Tomaattikastiketta, mozzarellaa, palvikinkkua, ananasta, Aurajuustoa<br>17, 50\u20ac<br><br><strong>Vehas<\/strong><br>Tomaattikastiketta, mozzarellaa, extrajuusto, pekonia, pepperonia, tomaattia<br>17,80 \u20ac<\/p>\n\n\n\n\n\n<p><strong>Koila<\/strong><br>Tomaattikastiketta, mozzarellaa, l\u00e4mminsavulohta Taivassalosta, parmesanlastuja, punasipulia ja mustapippuria.<br>19,60 \u20ac<\/p>\n\n\n\n<p><strong>Ainola<\/strong><br>Tomaattikastiketta, mozzarellaa, katkarapuja, kaprista, Aurajuustoa ja punasipulia.<br>18,90 \u20ac<\/p>\n\n\n\n<p><strong>Vartsala<\/strong><br>Tomaattikastiketta, mozzarellaa, jauhelihaa, palvikinkkua, pepperonimakkaraa, Aurajuustoa<br>17,80 \u20ac<\/p>\n\n\n\n<p><strong>Kummipojan salattu el\u00e4m\u00e4<\/strong><br>Tomaattikastiketta, tuplasti juustoa, fetajuustoa, mozzarellaa, broileria, punasipulia vihre\u00e4\u00e4 pepperonia, srirachaa ja p\u00e4\u00e4lle uunin j\u00e4lkeen valkosipulia.<br>19,60\u20ac<\/p>\n\n\n\n<p><strong>Tuuskeri<br><\/strong>(2 t\u00e4ytett\u00e4 valintasi mukaan)<br>Tomaattikastiketta, Mozzarellaa<br>17,50 \u20ac<\/p>\n\n\n\n<p><strong>Str\u00f6\u00f6mi<br><\/strong>(4 t\u00e4ytett\u00e4 valintasi mukaan)<br>Tomaattikastiketta, Mozzarellaa<br>19,60 \u20ac<\/p>\n\n\n\n<p><strong>Lis\u00e4t\u00e4ytteet<\/strong><\/p>\n\n\n\n<p>Lis\u00e4t\u00e4ytteet 2\u20ac:<br>Palvikinkku, jauheliha, pepperonimakkara, l\u00e4mminsavulohi, katkarapu<\/p>\n\n\n\n<p>Lis\u00e4t\u00e4ytteet 1\u20ac:<br>Extrajuusto, ananas, kirsikkatomaatti, punasipuli, suolakurkku, rucola, Aurajuusto, halloumi, mozzarella, fetajuusto, vihre\u00e4 pepperoni<\/p>\n\n\n\n<p>Saatavilla my\u00f6s <strong>gluteeniton pizzapohja<\/strong>. Gluteenittomat pohjat paistetaan leivinpaperin p\u00e4\u00e4ll\u00e4 samassa uunissa.<br><br>Saatavilla Oddlygood\u00ae raastetta (vegaaninen). Kysy vegaanisista t\u00e4ytteist\u00e4mme.<\/p>\n\n\n\n<p><\/p>\n<\/div>\n<\/div>\n\n\n\n<div data-wp-class--is-open=\"state.isOpen\" data-wp-context=\"{ &quot;id&quot;: &quot;accordion-item-6&quot;, &quot;openByDefault&quot;: false }\" data-wp-init=\"callbacks.initAccordionItems\" data-wp-on-window--hashchange=\"callbacks.hashChange\" class=\"wp-block-accordion-item is-layout-flow wp-block-accordion-item-is-layout-flow\">\n<h3 class=\"wp-block-accordion-heading\"><button aria-expanded=\"false\" aria-controls=\"accordion-item-6-panel\" data-wp-bind--aria-expanded=\"state.isOpen\" data-wp-on--click=\"actions.toggle\" data-wp-on--keydown=\"actions.handleKeyDown\" id=\"accordion-item-6\" type=\"button\" class=\"wp-block-accordion-heading__toggle\"><span class=\"wp-block-accordion-heading__toggle-title\">Talon pizzat<\/span><span class=\"wp-block-accordion-heading__toggle-icon\" aria-hidden=\"true\">+<\/span><\/button><\/h3>\n\n\n\n<div inert aria-labelledby=\"accordion-item-6\" data-wp-bind--inert=\"!state.isOpen\" id=\"accordion-item-6-panel\" role=\"region\" class=\"wp-block-accordion-panel is-layout-flow wp-block-accordion-panel-is-layout-flow\">\n<p><strong>Isokari<\/strong><br>Tomaattikastiketta, Mozzarellaa ja uunin j\u00e4lkeen kylm\u00e4savulohta Taivassalosta, sitruunaricottaa, merilev\u00e4kaviaaria ja rucolaa.&nbsp;<br>22,50 \u20ac<br><br><strong>Kuusamo<\/strong><br>Tomaattikastiketta, Mozzarellaa, savujuustoa, punasipulia, karpaloita, ja uunin j\u00e4lkeen ohuen ohueksi siivutettua kylm\u00e4savuporoa ja p\u00e4\u00e4lle mustapippuria.&nbsp;<br>22,50 \u20ac<\/p>\n\n\n\n<p><\/p>\n<\/div>\n<\/div>\n<\/div>\n\n\n\n<div data-wp-context=\"{ &quot;autoclose&quot;: false, &quot;accordionItems&quot;: [] }\" data-wp-interactive=\"core\/accordion\" role=\"group\" class=\"wp-block-accordion is-layout-flow wp-block-accordion-is-layout-flow\">\n<div data-wp-class--is-open=\"state.isOpen\" data-wp-context=\"{ &quot;id&quot;: &quot;accordion-item-7&quot;, &quot;openByDefault&quot;: false }\" data-wp-init=\"callbacks.initAccordionItems\" data-wp-on-window--hashchange=\"callbacks.hashChange\" class=\"wp-block-accordion-item is-layout-flow wp-block-accordion-item-is-layout-flow\">\n<h3 class=\"wp-block-accordion-heading\"><button aria-expanded=\"false\" aria-controls=\"accordion-item-7-panel\" data-wp-bind--aria-expanded=\"state.isOpen\" data-wp-on--click=\"actions.toggle\" data-wp-on--keydown=\"actions.handleKeyDown\" id=\"accordion-item-7\" type=\"button\" class=\"wp-block-accordion-heading__toggle\"><span class=\"wp-block-accordion-heading__toggle-title\">Lapsille<\/span><span class=\"wp-block-accordion-heading__toggle-icon\" aria-hidden=\"true\">+<\/span><\/button><\/h3>\n\n\n\n<div inert aria-labelledby=\"accordion-item-7\" data-wp-bind--inert=\"!state.isOpen\" id=\"accordion-item-7-panel\" role=\"region\" class=\"wp-block-accordion-panel is-layout-flow wp-block-accordion-panel-is-layout-flow\">\n<p>Lihapullat &amp; muusi 9,50 \u20ac<br><em>(L<\/em>)<br><br>Nugetit &amp; ranut 9,50 \u20ac<\/p>\n\n\n\n<p>Nakit &amp; muusi tai ranut 9,50 \u20ac<br><em>(L, pyydett\u00e4ess\u00e4 G)<\/em><\/p>\n\n\n\n<p>Paistettu ahven &amp; muusi 11,50 \u20ac<br><em>(L, pyydett\u00e4ess\u00e4 G)<\/em><\/p>\n\n\n\n<p><\/p>\n\n\n\n<p><\/p>\n<\/div>\n<\/div>\n<\/div>\n\n\n\n\n\n<p><br><\/p>\n\n\n\n<p><\/p>\n","protected":false},"excerpt":{"rendered":"","protected":false},"author":1,"featured_media":0,"parent":0,"menu_order":0,"comment_status":"closed","ping_status":"closed","template":"","meta":{"footnotes":""},"class_list":["post-53","page","type-page","status-publish","hentry"],"_links":{"self":[{"href":"https:\/\/ainolakustavi.fi\/index.php?rest_route=\/wp\/v2\/pages\/53","targetHints":{"allow":["GET"]}}],"collection":[{"href":"https:\/\/ainolakustavi.fi\/index.php?rest_route=\/wp\/v2\/pages"}],"about":[{"href":"https:\/\/ainolakustavi.fi\/index.php?rest_route=\/wp\/v2\/types\/page"}],"author":[{"embeddable":true,"href":"https:\/\/ainolakustavi.fi\/index.php?rest_route=\/wp\/v2\/users\/1"}],"replies":[{"embeddable":true,"href":"https:\/\/ainolakustavi.fi\/index.php?rest_route=%2Fwp%2Fv2%2Fcomments&post=53"}],"version-history":[{"count":41,"href":"https:\/\/ainolakustavi.fi\/index.php?rest_route=\/wp\/v2\/pages\/53\/revisions"}],"predecessor-version":[{"id":338,"href":"https:\/\/ainolakustavi.fi\/index.php?rest_route=\/wp\/v2\/pages\/53\/revisions\/338"}],"wp:attachment":[{"href":"https:\/\/ainolakustavi.fi\/index.php?rest_route=%2Fwp%2Fv2%2Fmedia&parent=53"}],"curies":[{"name":"wp","href":"https:\/\/api.w.org\/{rel}","templated":true}]}}